{"id":2652,"date":"2026-02-12T11:06:50","date_gmt":"2026-02-12T16:06:50","guid":{"rendered":"https:\/\/corporacionlyceumeducar.ec\/Inicio\/?page_id=2652"},"modified":"2026-02-12T14:13:13","modified_gmt":"2026-02-12T19:13:13","slug":"competencias-laborales","status":"publish","type":"page","link":"https:\/\/corporacionlyceumeducar.ec\/Inicio\/competencias-laborales\/","title":{"rendered":"Cursos y Competencias Laborales"},"content":{"rendered":"","protected":false},"excerpt":{"rendered":"","protected":false},"author":1,"featured_media":0,"parent":0,"menu_order":0,"comment_status":"closed","ping_status":"closed","template":"","meta":{"_sitemap_exclude":false,"_sitemap_priority":"","_sitemap_frequency":"","site-sidebar-layout":"no-sidebar","site-content-layout":"page-builder","ast-site-content-layout":"full-width-container","site-content-style":"unboxed","site-sidebar-style":"unboxed","ast-global-header-display":"","ast-banner-title-visibility":"","ast-main-header-display":"","ast-hfb-above-header-display":"","ast-hfb-below-header-display":"","ast-hfb-mobile-header-display":"","site-post-title":"","ast-breadcrumbs-content":"","ast-featured-img":"disabled","footer-sml-layout":"","ast-disable-related-posts":"","theme-transparent-header-meta":"","adv-header-id-meta":"","stick-header-meta":"","header-above-stick-meta":"","header-main-stick-meta":"","header-below-stick-meta":"","astra-migrate-meta-layouts":"set","ast-page-background-enabled":"default","ast-page-background-meta":{"desktop":{"background-color":"var(--ast-global-color-4)","background-image":"","background-repeat":"repeat","background-position":"center center","background-size":"auto","background-attachment":"scroll","background-type":"","background-media":"","overlay-type":"","overlay-color":"","overlay-opacity":"","overlay-gradient":""},"tablet":{"background-color":"","background-image":"","background-repeat":"repeat","background-position":"center center","background-size":"auto","background-attachment":"scroll","background-type":"","background-media":"","overlay-type":"","overlay-color":"","overlay-opacity":"","overlay-gradient":""},"mobile":{"background-color":"","background-image":"","background-repeat":"repeat","background-position":"center center","background-size":"auto","background-attachment":"scroll","background-type":"","background-media":"","overlay-type":"","overlay-color":"","overlay-opacity":"","overlay-gradient":""}},"ast-content-background-meta":{"desktop":{"background-color":"var(--ast-global-color-5)","background-image":"","background-repeat":"repeat","background-position":"center center","background-size":"auto","background-attachment":"scroll","background-type":"","background-media":"","overlay-type":"","overlay-color":"","overlay-opacity":"","overlay-gradient":""},"tablet":{"background-color":"var(--ast-global-color-5)","background-image":"","background-repeat":"repeat","background-position":"center center","background-size":"auto","background-attachment":"scroll","background-type":"","background-media":"","overlay-type":"","overlay-color":"","overlay-opacity":"","overlay-gradient":""},"mobile":{"background-color":"var(--ast-global-color-5)","background-image":"","background-repeat":"repeat","background-position":"center center","background-size":"auto","background-attachment":"scroll","background-type":"","background-media":"","overlay-type":"","overlay-color":"","overlay-opacity":"","overlay-gradient":""}},"footnotes":""},"class_list":["post-2652","page","type-page","status-publish","hentry"],"yoast_head":"<!-- This site is optimized with the Yoast SEO plugin v27.5 - https:\/\/yoast.com\/product\/yoast-seo-wordpress\/ -->\n<title>Cursos y Competencias Laborales - Corporaci\u00f3n Lyceum Educar S.A.S.<\/title>\n<meta name=\"robots\" content=\"index, follow, max-snippet:-1, max-image-preview:large, max-video-preview:-1\" \/>\n<link rel=\"canonical\" href=\"https:\/\/corporacionlyceumeducar.ec\/Inicio\/competencias-laborales\/\" \/>\n<meta property=\"og:locale\" content=\"es_ES\" \/>\n<meta property=\"og:type\" content=\"article\" \/>\n<meta property=\"og:title\" content=\"Cursos y Competencias Laborales - Corporaci\u00f3n Lyceum Educar S.A.S.\" \/>\n<meta property=\"og:url\" content=\"https:\/\/corporacionlyceumeducar.ec\/Inicio\/competencias-laborales\/\" \/>\n<meta property=\"og:site_name\" content=\"Corporaci\u00f3n Lyceum Educar S.A.S.\" \/>\n<meta property=\"article:modified_time\" content=\"2026-02-12T19:13:13+00:00\" \/>\n<meta name=\"twitter:card\" content=\"summary_large_image\" \/>\n<script type=\"application\/ld+json\" class=\"yoast-schema-graph\">{\"@context\":\"https:\\\/\\\/schema.org\",\"@graph\":[{\"@type\":\"WebPage\",\"@id\":\"https:\\\/\\\/corporacionlyceumeducar.ec\\\/Inicio\\\/competencias-laborales\\\/\",\"url\":\"https:\\\/\\\/corporacionlyceumeducar.ec\\\/Inicio\\\/competencias-laborales\\\/\",\"name\":\"Cursos y Competencias Laborales - Corporaci\u00f3n Lyceum Educar S.A.S.\",\"isPartOf\":{\"@id\":\"https:\\\/\\\/corporacionlyceumeducar.ec\\\/Inicio\\\/#website\"},\"datePublished\":\"2026-02-12T16:06:50+00:00\",\"dateModified\":\"2026-02-12T19:13:13+00:00\",\"breadcrumb\":{\"@id\":\"https:\\\/\\\/corporacionlyceumeducar.ec\\\/Inicio\\\/competencias-laborales\\\/#breadcrumb\"},\"inLanguage\":\"es\",\"potentialAction\":[{\"@type\":\"ReadAction\",\"target\":[\"https:\\\/\\\/corporacionlyceumeducar.ec\\\/Inicio\\\/competencias-laborales\\\/\"]}]},{\"@type\":\"BreadcrumbList\",\"@id\":\"https:\\\/\\\/corporacionlyceumeducar.ec\\\/Inicio\\\/competencias-laborales\\\/#breadcrumb\",\"itemListElement\":[{\"@type\":\"ListItem\",\"position\":1,\"name\":\"Portada\",\"item\":\"https:\\\/\\\/corporacionlyceumeducar.ec\\\/Inicio\\\/\"},{\"@type\":\"ListItem\",\"position\":2,\"name\":\"Cursos y Competencias Laborales\"}]},{\"@type\":\"WebSite\",\"@id\":\"https:\\\/\\\/corporacionlyceumeducar.ec\\\/Inicio\\\/#website\",\"url\":\"https:\\\/\\\/corporacionlyceumeducar.ec\\\/Inicio\\\/\",\"name\":\"Corporaci\u00f3n Lyceum Educar\",\"description\":\"Educaci\u00f3n en L\u00ednea\",\"publisher\":{\"@id\":\"https:\\\/\\\/corporacionlyceumeducar.ec\\\/Inicio\\\/#organization\"},\"alternateName\":\"Lyceum Educar\",\"potentialAction\":[{\"@type\":\"SearchAction\",\"target\":{\"@type\":\"EntryPoint\",\"urlTemplate\":\"https:\\\/\\\/corporacionlyceumeducar.ec\\\/Inicio\\\/?s={search_term_string}\"},\"query-input\":{\"@type\":\"PropertyValueSpecification\",\"valueRequired\":true,\"valueName\":\"search_term_string\"}}],\"inLanguage\":\"es\"},{\"@type\":\"Organization\",\"@id\":\"https:\\\/\\\/corporacionlyceumeducar.ec\\\/Inicio\\\/#organization\",\"name\":\"Corporaci\u00f3n Lyceumeducar S.A.S. 2022\",\"url\":\"https:\\\/\\\/corporacionlyceumeducar.ec\\\/Inicio\\\/\",\"logo\":{\"@type\":\"ImageObject\",\"inLanguage\":\"es\",\"@id\":\"https:\\\/\\\/corporacionlyceumeducar.ec\\\/Inicio\\\/#\\\/schema\\\/logo\\\/image\\\/\",\"url\":\"https:\\\/\\\/corporacionlyceumeducar.ec\\\/Inicio\\\/wp-content\\\/uploads\\\/2022\\\/03\\\/cropped-LOGO-CORPORACION-EDUCAR-1-1.jpg\",\"contentUrl\":\"https:\\\/\\\/corporacionlyceumeducar.ec\\\/Inicio\\\/wp-content\\\/uploads\\\/2022\\\/03\\\/cropped-LOGO-CORPORACION-EDUCAR-1-1.jpg\",\"width\":717,\"height\":252,\"caption\":\"Corporaci\u00f3n Lyceumeducar S.A.S. 2022\"},\"image\":{\"@id\":\"https:\\\/\\\/corporacionlyceumeducar.ec\\\/Inicio\\\/#\\\/schema\\\/logo\\\/image\\\/\"}}]}<\/script>\n<!-- \/ Yoast SEO plugin. -->","yoast_head_json":{"title":"Cursos y Competencias Laborales - Corporaci\u00f3n Lyceum Educar S.A.S.","robots":{"index":"index","follow":"follow","max-snippet":"max-snippet:-1","max-image-preview":"max-image-preview:large","max-video-preview":"max-video-preview:-1"},"canonical":"https:\/\/corporacionlyceumeducar.ec\/Inicio\/competencias-laborales\/","og_locale":"es_ES","og_type":"article","og_title":"Cursos y Competencias Laborales - Corporaci\u00f3n Lyceum Educar S.A.S.","og_url":"https:\/\/corporacionlyceumeducar.ec\/Inicio\/competencias-laborales\/","og_site_name":"Corporaci\u00f3n Lyceum Educar S.A.S.","article_modified_time":"2026-02-12T19:13:13+00:00","twitter_card":"summary_large_image","schema":{"@context":"https:\/\/schema.org","@graph":[{"@type":"WebPage","@id":"https:\/\/corporacionlyceumeducar.ec\/Inicio\/competencias-laborales\/","url":"https:\/\/corporacionlyceumeducar.ec\/Inicio\/competencias-laborales\/","name":"Cursos y Competencias Laborales - Corporaci\u00f3n Lyceum Educar S.A.S.","isPartOf":{"@id":"https:\/\/corporacionlyceumeducar.ec\/Inicio\/#website"},"datePublished":"2026-02-12T16:06:50+00:00","dateModified":"2026-02-12T19:13:13+00:00","breadcrumb":{"@id":"https:\/\/corporacionlyceumeducar.ec\/Inicio\/competencias-laborales\/#breadcrumb"},"inLanguage":"es","potentialAction":[{"@type":"ReadAction","target":["https:\/\/corporacionlyceumeducar.ec\/Inicio\/competencias-laborales\/"]}]},{"@type":"BreadcrumbList","@id":"https:\/\/corporacionlyceumeducar.ec\/Inicio\/competencias-laborales\/#breadcrumb","itemListElement":[{"@type":"ListItem","position":1,"name":"Portada","item":"https:\/\/corporacionlyceumeducar.ec\/Inicio\/"},{"@type":"ListItem","position":2,"name":"Cursos y Competencias Laborales"}]},{"@type":"WebSite","@id":"https:\/\/corporacionlyceumeducar.ec\/Inicio\/#website","url":"https:\/\/corporacionlyceumeducar.ec\/Inicio\/","name":"Corporaci\u00f3n Lyceum Educar","description":"Educaci\u00f3n en L\u00ednea","publisher":{"@id":"https:\/\/corporacionlyceumeducar.ec\/Inicio\/#organization"},"alternateName":"Lyceum Educar","potentialAction":[{"@type":"SearchAction","target":{"@type":"EntryPoint","urlTemplate":"https:\/\/corporacionlyceumeducar.ec\/Inicio\/?s={search_term_string}"},"query-input":{"@type":"PropertyValueSpecification","valueRequired":true,"valueName":"search_term_string"}}],"inLanguage":"es"},{"@type":"Organization","@id":"https:\/\/corporacionlyceumeducar.ec\/Inicio\/#organization","name":"Corporaci\u00f3n Lyceumeducar S.A.S. 2022","url":"https:\/\/corporacionlyceumeducar.ec\/Inicio\/","logo":{"@type":"ImageObject","inLanguage":"es","@id":"https:\/\/corporacionlyceumeducar.ec\/Inicio\/#\/schema\/logo\/image\/","url":"https:\/\/corporacionlyceumeducar.ec\/Inicio\/wp-content\/uploads\/2022\/03\/cropped-LOGO-CORPORACION-EDUCAR-1-1.jpg","contentUrl":"https:\/\/corporacionlyceumeducar.ec\/Inicio\/wp-content\/uploads\/2022\/03\/cropped-LOGO-CORPORACION-EDUCAR-1-1.jpg","width":717,"height":252,"caption":"Corporaci\u00f3n Lyceumeducar S.A.S. 2022"},"image":{"@id":"https:\/\/corporacionlyceumeducar.ec\/Inicio\/#\/schema\/logo\/image\/"}}]}},"_links":{"self":[{"href":"https:\/\/corporacionlyceumeducar.ec\/Inicio\/wp-json\/wp\/v2\/pages\/2652","targetHints":{"allow":["GET"]}}],"collection":[{"href":"https:\/\/corporacionlyceumeducar.ec\/Inicio\/wp-json\/wp\/v2\/pages"}],"about":[{"href":"https:\/\/corporacionlyceumeducar.ec\/Inicio\/wp-json\/wp\/v2\/types\/page"}],"author":[{"embeddable":true,"href":"https:\/\/corporacionlyceumeducar.ec\/Inicio\/wp-json\/wp\/v2\/users\/1"}],"replies":[{"embeddable":true,"href":"https:\/\/corporacionlyceumeducar.ec\/Inicio\/wp-json\/wp\/v2\/comments?post=2652"}],"version-history":[{"count":5,"href":"https:\/\/corporacionlyceumeducar.ec\/Inicio\/wp-json\/wp\/v2\/pages\/2652\/revisions"}],"predecessor-version":[{"id":2695,"href":"https:\/\/corporacionlyceumeducar.ec\/Inicio\/wp-json\/wp\/v2\/pages\/2652\/revisions\/2695"}],"wp:attachment":[{"href":"https:\/\/corporacionlyceumeducar.ec\/Inicio\/wp-json\/wp\/v2\/media?parent=2652"}],"curies":[{"name":"wp","href":"https:\/\/api.w.org\/{rel}","templated":true}]}}

<!-- This site is optimized with the Yoast SEO plugin v27.5 - https://yoast.com/product/yoast-seo-wordpress/ -->
<title>Cursos y Competencias Laborales - Corporación Lyceum Educar S.A.S.</title>
<meta name="robots" content="index, follow, max-snippet:-1, max-image-preview:large, max-video-preview:-1" />
<link rel="canonical" href="https://corporacionlyceumeducar.ec/Inicio/competencias-laborales/" />
<meta property="og:locale" content="es_ES" />
<meta property="og:type" content="article" />
<meta property="og:title" content="Cursos y Competencias Laborales - Corporación Lyceum Educar S.A.S." />
<meta property="og:url" content="https://corporacionlyceumeducar.ec/Inicio/competencias-laborales/" />
<meta property="og:site_name" content="Corporación Lyceum Educar S.A.S." />
<meta property="article:modified_time" content="2026-02-12T19:13:13+00:00" />
<meta name="twitter:card" content="summary_large_image" />
<script type="application/ld+json" class="yoast-schema-graph">{"@context":"https:\/\/schema.org","@graph":[{"@type":"WebPage","@id":"https:\/\/corporacionlyceumeducar.ec\/Inicio\/competencias-laborales\/","url":"https:\/\/corporacionlyceumeducar.ec\/Inicio\/competencias-laborales\/","name":"Cursos y Competencias Laborales - Corporación Lyceum Educar S.A.S.","isPartOf":{"@id":"https:\/\/corporacionlyceumeducar.ec\/Inicio\/#website"},"datePublished":"2026-02-12T16:06:50+00:00","dateModified":"2026-02-12T19:13:13+00:00","breadcrumb":{"@id":"https:\/\/corporacionlyceumeducar.ec\/Inicio\/competencias-laborales\/#breadcrumb"},"inLanguage":"es","potentialAction":[{"@type":"ReadAction","target":["https:\/\/corporacionlyceumeducar.ec\/Inicio\/competencias-laborales\/"]}]},{"@type":"BreadcrumbList","@id":"https:\/\/corporacionlyceumeducar.ec\/Inicio\/competencias-laborales\/#breadcrumb","itemListElement":[{"@type":"ListItem","position":1,"name":"Portada","item":"https:\/\/corporacionlyceumeducar.ec\/Inicio\/"},{"@type":"ListItem","position":2,"name":"Cursos y Competencias Laborales"}]},{"@type":"WebSite","@id":"https:\/\/corporacionlyceumeducar.ec\/Inicio\/#website","url":"https:\/\/corporacionlyceumeducar.ec\/Inicio\/","name":"Corporación Lyceum Educar","description":"Educación en Línea","publisher":{"@id":"https:\/\/corporacionlyceumeducar.ec\/Inicio\/#organization"},"alternateName":"Lyceum Educar","potentialAction":[{"@type":"SearchAction","target":{"@type":"EntryPoint","urlTemplate":"https:\/\/corporacionlyceumeducar.ec\/Inicio\/?s={search_term_string}"},"query-input":{"@type":"PropertyValueSpecification","valueRequired":true,"valueName":"search_term_string"}}],"inLanguage":"es"},{"@type":"Organization","@id":"https:\/\/corporacionlyceumeducar.ec\/Inicio\/#organization","name":"Corporación Lyceumeducar S.A.S. 2022","url":"https:\/\/corporacionlyceumeducar.ec\/Inicio\/","logo":{"@type":"ImageObject","inLanguage":"es","@id":"https:\/\/corporacionlyceumeducar.ec\/Inicio\/#\/schema\/logo\/image\/","url":"https:\/\/corporacionlyceumeducar.ec\/Inicio\/wp-content\/uploads\/2022\/03\/cropped-LOGO-CORPORACION-EDUCAR-1-1.jpg","contentUrl":"https:\/\/corporacionlyceumeducar.ec\/Inicio\/wp-content\/uploads\/2022\/03\/cropped-LOGO-CORPORACION-EDUCAR-1-1.jpg","width":717,"height":252,"caption":"Corporación Lyceumeducar S.A.S. 2022"},"image":{"@id":"https:\/\/corporacionlyceumeducar.ec\/Inicio\/#\/schema\/logo\/image\/"}}]}</script>
<!-- / Yoast SEO plugin. -->

Cursos y Competencias Laborales - Corporación Lyceum Educar S.A.S.

Corporación Lyceum Educar S.A.S.

Corporación Lyceum Educar

Educación en Línea

Corporación Lyceumeducar S.A.S. 2022
